533
In base 9, what is -27 - 31772535?
-31772563
In base 7, what is 1 - 3016465410?
-3016465406
In base 16, what is -201 + 1237f?
1217e
In base 16, what is b4ddc9b - -1?
b4ddc9c
In base 15, what is 159 - 38cc?
-3773
In base 5, what is -434 - -12030141?
12024202
In base 16, what is -b - 56d19?
-56d24
In base 8, what is -10072 - -637?
-7233
In base 12, what is -4119 + -38?
-4155
In base 8, what is -10706551 - 3?
-10706554
In base 5, what is 31232204 - 11?
31232143
In base 2, what is 1010111001000 - 11110010001?
111000110111
In base 5, what is 142113434 + 344?
142114333
In base 3, what is -220221 + -101000122020?
-101001120011
In base 5, what is -200021 - 2403?
-202424
In base 3, what is -211111 - 1011202211?
-1012121022
In base 6, what is 240540322 - 0?
240540322
In base 11, what is -171 + 59a?
429
In base 5, what is -220400032 + -21?
-220400103
In base 16, what is c979523 + 1?
c979524
In base 5, what is -34314 - -23112?
-11202
In base 16, what is 1 - -1a736ef?
1a736f0
In base 13, what is 5 + 26c1cc3?
26c1cc8
In base 6, what is 2412 + 13112132?
13114544
In base 2, what is 1010001110010001010 - 1100111?
1010001110000100011
In base 7, what is 155 + 121415?
121603
In base 13, what is -4a93526 + 7?
-4a9351c
In base 11, what is 1a861 + -22a7?
18565
In base 12, what is 4b80797 + 0?
4b80797
In base 15, what is -1798 + -c92a?
-e1c3
In base 3, what is -101 - 102220010021?
-102220010122
In base 16, what is 7 - -642ce?
642d5
In base 2, what is 1001001100010110001101110 + 0?
1001001100010110001101110
In base 4, what is 10 - -11220132131133?
11220132131203
In base 4, what is -330310033 + 130?
-330303303
In base 3, what is 2002011200122 - -1121?
2002011202020
In base 4, what is -300213220 + 230?
-300212330
In base 2, what is 110001010 + 10110000000101101?
10110000110110111
In base 6, what is 41051234450 + 10?
41051234500
In base 4, what is -32 + 202230223?
202230131
In base 11, what is -2 + 35623a28?
35623a26
In base 7, what is 2 + -56513423?
-56513421
In base 4, what is 21 - 1003031213?
-1003031132
In base 11, what is -2a5 + 3628?
3333
In base 7, what is -14 + 510334642?
510334625
In base 12, what is -17 + 156174?
156159
In base 3, what is 2010220010 - -12221?
2011010001
In base 11, what is 1291129 - 64?
1291075
In base 12, what is -21 + -19121a03?
-19121a24
In base 16, what is ff84a - -14?
ff85e
In base 15, what is 19ad + -3e84?
-24c6
In base 2, what is -10 - 110101100001000000000010111?
-110101100001000000000011001
In base 14, what is -328b9 - -d7?
-327c2
In base 13, what is -68 + 37b25?
37a8a
In base 14, what is 4 - 25a24878?
-25a24874
In base 6, what is -24221045 + -4?
-24221053
In base 14, what is -17d93 + -19a?
-1814d
In base 10, what is -243895 + 1856?
-242039
In base 11, what is 3 + -852933?
-852930
In base 3, what is 100201021021120 + 2?
100201021021122
In base 10, what is -1378639 - 0?
-1378639
In base 3, what is 122021021121210 - -10?
122021021121220
In base 13, what is 2 + 386a86?
386a88
In base 12, what is -33 + 4a272?
4a23b
In base 14, what is 0 - -16dc4477?
16dc4477
In base 2, what is 11 - -10111111100110101010011?
10111111100110101010110
In base 12, what is 12 + a75680?
a75692
In base 16, what is 943 - 279?
6ca
In base 10, what is -44 + -59322?
-59366
In base 5, what is -4 + -4230230032?
-4230230041
In base 12, what is 238809 - -265?
238a72
In base 6, what is 42555 - -13145?
100144
In base 3, what is 1000102202 - 1021111?
222011021
In base 15, what is -4 + c97240?
c9723b
In base 4, what is -13311302 - -10001?
-13301301
In base 16, what is -112c8 - -8ad?
-10a1b
In base 12, what is -11a36 + -329?
-12163
In base 10, what is -6765 - 990?
-7755
In base 12, what is 142a808 + 1?
142a809
In base 5, what is 1222001 + 241004?
2013010
In base 4, what is -130110001 + -1002?
-130111003
In base 5, what is -1 - 2414314303?
-2414314304
In base 6, what is 254510053 - 23?
254510030
In base 3, what is -2201221 + 10021121202?
10011212211
In base 16, what is -58d + 4415?
3e88
In base 11, what is -119 - -4470?
4352
In base 16, what is -2f7 + -774fa?
-777f1
In base 6, what is 101301135 - -11?
101301150
In base 8, what is 20 + 5237456?
5237476
In base 13, what is 4ab2 - 15510?
-1072b
In base 8, what is 4463302 + 2?
4463304
In base 12, what is 995 + -667?
32a
In base 14, what is 21ba - 39d?
1c1b
In base 10, what is 1272393 + -108?
1272285
In base 7, what is -104524232 + -12?
-104524244
In base 3, what is 11001021202 - 10010?
11001011122
In base 4, what is -1030332220212 - -10?
-1030332220202
In base 6, what is -3 + 330403001?
330402554
In base 11, what is 10 - -6569627?
6569637
In base 2, what is -11000010011001 + -100100?
-11000010111101
In base 15, what is -29da7 + 4d?
-29d59
In base 4, what is 1022 - -1311333103?
1312000131
In base 12, what is -3b - 215932a?
-2159369
In base 5, what is -4032420313 + 3?
-4032420310
In base 2, what is 10 - 100010010001101110010101110?
-100010010001101110010101100
In base 3, what is -102202 - -1000200211?
1000021002
In base 7, what is 4443332 + -5?
4443324
In base 3, what is 0 + -102220110202012?
-102220110202012
In base 2, what is -111 + -10001111110010111011?
-10001111110011000010
In base 4, what is 3211132001 + 113222?
3211311223
In base 16, what is -2f63fcf + 1?
-2f63fce
In base 3, what is 121111221110110 + -2?
121111221110101
In base 16, what is 95 + -35a7?
-3512
In base 5, what is -2013322024 - -4?
-2013322020
In base 2, what is 1010111001001011111 - -11111?
1010111001001111110
In base 7, what is -2134102055 - 5?
-2134102063
In base 3, what is -12121222 + -1011202220?
-1101101212
In base 5, what is -12112442 + -10?
-12113002
In base 10, what is 3866 + -36017?
-32151
In base 5, what is 10 + -10230302141?
-10230302131
In base 8, what is 4 + -1727227?
-1727223
In base 4, what is -1 - -21211103331333?
21211103331332
In base 7, what is -2 + 1020336313?
1020336311
In base 2, what is -100 - 1000111111101100000010?
-1000111111101100000110
In base 14, what is -1d9 - -406a7?
404ac
In base 3, what is -21 - 1101021100122?
-1101021100220
In base 12, what is 3a0660 + -130?
3a0530
In base 16, what is -690a + -b6?
-69c0
In base 10, what is -54734 + 12951?
-41783
In base 7, what is -52020 + 426?
-51261
In base 13, what is 165a - -bc71?
105cb
In base 2, what is -111000011000101011111101 - -1000000?
-111000011000101010111101
In base 3, what is -22 + -221110010102102?
-221110010102201
In base 14, what is -69 - 2802d?
-28098
In base 14, what is -22 + 148a2c1?
148a29d
In base 2, what is -110010 - -1010011101001111?
1010011100011101
In base 2, what is -1100110111101100 + -11100110?
-1100111011010010
In base 7, what is 3 + 421023256?
421023262
In base 14, what is -2 + 70588a7?
70588a5
In base 5, what is -324022242 - 0?
-324022242
In base 10, what is 8 + 33061?
33069
In base 7, what is -164016543 + 0?
-164016543
In base 13, what is -126c0b1 - -29?
-126c085
In base 11, what is -27114659 + -5?
-27114663
In base 8, what is 1750 - 124140?
-122170
In base 9, what is -3 + 1513067?
1513064
In base 12, what is -24a9 + a53?
-1656
In base 5, what is 204402300 + 11?
204402311
In base 6, what is 3032000 - -1010?
3033010
In base 6, what is 1250114011 + 2?
1250114013
In base 8, what is 1 + -1130664603?
-1130664602
In base 13, what is -31a0cb + 0?
-31a0cb
In base 15, what is -3 - -cd481e?
cd481b
In base 3, what is 10 + -22011200010?
-22011200000
In base 11, what is 595743 - -150?
595893
In base 9, what is 250 + -102000?
-101640
In base 10, what is -16692382 - 5?
-16692387
In base 11, what is 14088953 + 6?
14088959
In base 9, what is 1728348 + -13?
1728335
In base 13, what is -23285a0 + 10?
-2328590
In base 15, what is -3 - -17b8236?
17b8233
In base 13, what is -3 - -a0c4bc1?
a0c4bbb
In base 7, what is -112001331 + -2?
-112001333
In base 16, what is 6a - 12bcf?
-12b65
In base 9, what is -6335 + 524?
-5711
In base 16, what is -b6 - -7d7?
721
In base 8, what is 4 + -21111307?
-21111303
In base 16, what is 32 - 7cf8e?
-7cf5c
In base 12, what is 24 - -7763217?
776323b
In base 11, what is -4 - -869967?
869963
In base 16, what is 6ebe6 + 11?
6ebf7
In base 3, what is -1220210210100022 + 0?
-1220210210100022
In base 11, what is -92 - 15a692?
-15a774
In base 15, what is aea5 + -917?
a58d
In base 8, what is -222 + 4555?
4333
In base 13, what is 587 - -47929?
481b3
In base 